me factors of 91602.
2, 3, 7, 727
List the prime factors of 340.
2, 5, 17
What are the prime factors of 100533?
3, 23, 31, 47
List the prime factors of 3884.
2, 971
List the prime factors of 86896.
2, 5431
List the prime factors of 54101.
54101
List the prime factors of 18948.
2, 3, 1579
What are the prime factors of 38016?
2, 3, 11
What are the prime factors of 9563?
73, 131
What are the prime factors of 14525?
5, 7, 83
What are the prime factors of 2772?
2, 3, 7, 11
What are the prime factors of 1087?
1087
What are the prime factors of 69395?
5, 13879
List the prime factors of 6119.
29, 211
What are the prime factors of 543?
3, 181
List the prime factors of 61621.
7, 8803
What are the prime factors of 42345?
3, 5, 941
List the prime factors of 17567.
11, 1597
List the prime factors of 1298.
2, 11, 59
What are the prime factors of 1964?
2, 491
List the prime factors of 271.
271
List the prime factors of 66912.
2, 3, 17, 41
What are the prime factors of 12481?
7, 1783
List the prime factors of 10851.
3, 3617
List the prime factors of 5631.
3, 1877
What are the prime factors of 156823?
156823
What are the prime factors of 68338?
2, 47, 727
What are the prime factors of 5951?
11, 541
What are the prime factors of 116094?
2, 3, 11, 1759
What are the prime factors of 7011?
3, 19, 41
List the prime factors of 5533.
11, 503
List the prime factors of 21960.
2, 3, 5, 61
List the prime factors of 13271.
23, 577
What are the prime factors of 20459?
41, 499
List the prime factors of 1769.
29, 61
List the prime factors of 20456.
2, 2557
What are the prime factors of 2794?
2, 11, 127
What are the prime factors of 104633?
19, 5507
What are the prime factors of 2207?
2207
What are the prime factors of 4363?
4363
List the prime factors of 1270.
2, 5, 127
List the prime factors of 120644.
2, 30161
What are the prime factors of 17892?
2, 3, 7, 71
List the prime factors of 89061.
3, 7, 4241
What are the prime factors of 1035?
3, 5, 23
List the prime factors of 36592.
2, 2287
List the prime factors of 1282.
2, 641
What are the prime factors of 893?
19, 47
What are the prime factors of 79?
79
What are the prime factors of 63858?
2, 3, 29, 367
List the prime factors of 3890.
2, 5, 389
What are the prime factors of 2055?
3, 5, 137
List the prime factors of 3829.
7, 547
List the prime factors of 662.
2, 331
What are the prime factors of 1023?
3, 11, 31
What are the prime factors of 24414?
2, 3, 13, 313
What are the prime factors of 1124?
2, 281
What are the prime factors of 2933?
7, 419
List the prime factors of 2048.
2
List the prime factors of 204.
2, 3, 17
List the prime factors of 4707.
3, 523
What are the prime factors of 1135?
5, 227
List the prime factors of 17212.
2, 13, 331
What are the prime factors of 7902?
2, 3, 439
List the prime factors of 27341.
19, 1439
List the prime factors of 637.
7, 13
List the prime factors of 41283.
3, 11, 139
What are the prime factors of 66625?
5, 13, 41
List the prime factors of 25844.
2, 7, 13, 71
What are the prime factors of 1875?
3, 5
What are the prime factors of 902?
2, 11, 41
List the prime factors of 6572.
2, 31, 53
List the prime factors of 850.
2, 5, 17
What are the prime factors of 3990?
2, 3, 5, 7, 19
List the prime factors of 14955.
3, 5, 997
What are the prime factors of 1962?
2, 3, 109
List the prime factors of 17666.
2, 11, 73
List the prime factors of 1162.
2, 7, 83
List the prime factors of 2226.
2, 3, 7, 53
What are the prime factors of 1103?
1103
What are the prime factors of 489?
3, 163
What are the prime factors of 17111?
71, 241
What are the prime factors of 5178?
2, 3, 863
What are the prime factors of 7403?
11, 673
What are the prime factors of 4352?
2, 17
List the prime factors of 5904.
2, 3, 41
What are the prime factors of 17266?
2, 89, 97
List the prime factors of 2178.
2, 3, 11
List the prime factors of 6379.
6379
What are the prime factors of 3547?
3547
What are the prime factors of 42945?
3, 5, 7, 409
What are the prime factors of 2936?
2, 367
List the prime factors of 11412.
2, 3, 317
What are the prime factors of 898?
2, 449
What are the prime factors of 1493?
1493
List the prime factors of 246.
2, 3, 41
What are the prime factors of 543?
3, 181
List the prime factors of 33494.
2, 16747
What are the prime factors of 41685?
3, 5, 7, 397
List the prime factors of 58610.
2, 5, 5861
What are the prime factors of 4566?
2, 3, 761
What are the prime factors of 6229?
6229
What are the prime factors of 941?
941
List the prime factors of 1326.
2, 3, 13, 17
What are the prime factors of 902?
2, 11, 41
List the prime factors of 9986.
2, 4993
What are the prime factors of 55076?
2, 7, 281
What are the prime factors of 78120?
2, 3, 5, 7, 31
List the prime factors of 8505.
3, 5, 7
List the prime factors of 6922.
2, 3461
List the prime factors of 6069.
3, 7, 17
What are the prime factors of 7952?
2, 7, 71
What are the prime factors of 1055?
5, 211
List the prime factors of 1927.
41, 47
List the prime factors of 8201.
59, 139
List the prime factors of 2214.
2, 3, 41
What are the prime factors of 593?
593
What are the prime factors of 2036?
2, 509
List the prime factors of 32942.
2, 7, 13, 181
List the prime factors of 1669.
1669
List the prime factors of 5449.
5449
What are the prime factors of 21272?
2, 2659
What are the prime factors of 4984?
2, 7, 89
List the prime factors of 719.
719
List the prime factors of 48578.
2, 107, 227
What are the prime factors of 552?
2, 3, 23
What are the prime factors of 7262?
2, 3631
List the prime factors of 32663.
89, 367
List the prime factors of 11359.
37, 307
What are the prime factors of 4584?
2, 3, 191
What are the prime factors of 3267?
3, 11
What are the prime factors of 822?
2, 3, 137
List the prime factors of 588.
2, 3, 7
What are the prime factors of 1317?
3, 439
List the prime factors of 241.
241
What are the prime factors of 1213?
1213
What are the prime factors of 1115?
5, 223
What are the prime factors of 37433?
11, 41, 83
What are the prime factors of 86834?
2, 11, 3947
List the prime factors of 1893.
3, 631
List the prime factors of 18309.
3, 17, 359
What are the prime factors of 7696?
2, 13, 37
List the prime factors of 40486.
2, 31, 653
List the prime factors of 7735.
5, 7, 13, 17
List the prime factors of 1167.
3, 389
List the prime factors of 48760.
2, 5, 23, 53
What are the prime factors of 125947?
29, 43, 101
List the prime factors of 1215.
3, 5
List the prime factors of 10173.
3, 3391
What are the prime factors of 896?
2, 7
What are the prime factors of 5784?
2, 3, 241
What are the prime factors of 10758?
2, 3, 11, 163
List the prime factors of 9301.
71, 131
What are the prime factors of 3762?
2, 3, 11, 19
List the prime factors of 701.
701
List the prime factors of 10.
2, 5
List the prime factors of 315.
3, 5, 7
List the prime factors of 1621.
1621
List the prime factors of 4309.
31, 139
What are the prime factors of 813?
3, 271
List the prime factors of 9568.
2, 13, 23
What are the prime factors of 27136?
2, 53
List the prime factors of 102268.
2, 37, 691
What are the prime factors of 2750?
2, 5, 11
What are the prime factors of 1495?
5, 13, 23
What are the prime factors of 12008?
2, 19, 79
What are the prime factors of 114577?
114577
What are the prime factors of 12915?
3, 5, 7, 41
What are the prime factors of 192295?
5, 38459
List the prime factors of 55043.
19, 2897
List the prime factors of 75399.
3, 41, 613
List the prime factors of 17813.
47, 379
What are the prime factors of 133687?
43, 3109
List the prime factors of 7033.
13, 541
List the prime factors of 97539.
3, 13, 41, 61
What are the prime factors of 983?
983
What are the prime factors of 483?
3, 7, 23
List the prime factors of 21136.
2, 1321
What are the prime factors of 10121?
29, 349
List the prime factors of 31001.
29, 1069
List the prime factors of 1765.
5, 353
What are the prime factors of 1564?
2, 17, 23
What are the prime factors of 8816?
2, 19, 29
What are the prime factors of 31849?
31849
What are the prime factors of 329?
7, 47
What are the prime factors of 16690?
2, 5, 1669
What are the prime factors of 53631?
3, 59, 101
List the prime factors of 168224.
2, 7, 751
List the prime factors of 9543.
3, 3181
What are the prime factors of 961?
31
What are the prime factors 